actor of l and 36.
12
Let u(f) = 7*f + 2. Let z(v) = 20*v + 5. Let p(w) = -17*u(w) + 6*z(w). Let n be p(6). Calculate the highest common divisor of n and 2.
2
Let s = 165 - 73. Suppose 83 + s = 5*b + 5*j, j = -3*b + 95. Let f = -16 + b. What is the greatest common factor of f and 21?
7
Let x be (35 + 1)/((-3)/(-4)). Let t be (1/2)/((-3)/(-36)). What is the highest common divisor of x and t?
6
Let b(x) = 17*x**2 + 5*x + 7. Let z be b(-4). Calculate the highest common factor of z and 37.
37
Suppose -4*j = -j - 243. What is the highest common factor of 9 and j?
9
Suppose -5*d = a - 83, -3*a = -5*d - 2*a + 77. Let n be (20/15)/((-3)/(-18)). Calculate the greatest common factor of d and n.
8
Let f = 3 + -3. Suppose -q + f*q + 63 = 0. Calculate the highest common divisor of 42 and q.
21
Suppose -3*z + 87 = 4*r, -5*r - z = 6 - 123. What is the highest common factor of 32 and r?
8
Let r = -9 - -24. Calculate the greatest common factor of 3 and r.
3
Suppose 0 = 9*b - 4*b - 65. What is the greatest common factor of 52 and b?
13
Suppose -10*k + 9*k = -12. What is the greatest common factor of 12 and k?
12
Let l(o) = o + 23. Let g be l(-5). What is the highest common divisor of g and 27?
9
Let v be 68/(-7) - 4/14. Let c be 22/5 - (-4)/v. Calculate the highest common factor of c and 40.
4
Let g(q) = -q. Let c be g(-2). Suppose -2*h + 18 = c. What is the highest common divisor of h and 72?
8
Let m be (-4)/(-16) + 198/8. Let z = m + 40. Calculate the greatest common factor of 26 and z.
13
Suppose 2*w - 11 = -i + 8, i = -w + 9. Let n be 10/(-25) - (-74)/w. Calculate the greatest common factor of n and 7.
7
Let a(s) = -s**3 + 5*s**2 - 3*s + 2. Let l be a(4). Let z(p) = p**3 - 5*p**2 - 7*p + 7. Let y be z(l). What is the greatest common divisor of y and 8?
1
Suppose 0*h + 4*h - 108 = 0. Let v = 51 - h. Calculate the highest common divisor of 6 and v.
6
Let q = -49 - -97. Let w(d) = -d**3 - 4*d**2 + 2. Let p be w(-4). Let i be 1 + 8 + p + 1. What is the highest common factor of i and q?
12
Suppose 5*n = -3*c + 126, 2*n + 26 = -2*c + 78. What is the highest common divisor of n and 96?
24
Let p(n) = 1. Let i(c) = -2*c - 6. Let f(q) = -i(q) - 5*p(q). Let d be f(6). Calculate the greatest common divisor of d and 104.
13
Let u(j) = 4*j**2 + 17*j - 10. Let y be u(-5). Calculate the greatest common divisor of y and 10.
5
Suppose p - 3*r - 10 = 0, r = -4*p + 4*r + 49. Let z = p - 0. What is the highest common divisor of z and 39?
13
Let a(o) = -2*o + 0*o - 15 + 2. Let p be a(-9). Calculate the greatest common divisor of p and 20.
5
Let z(h) = -4*h + 1. Let c(r) = -r + 8. Let f be c(6). Let s be (-1 - -4)/((-3)/f). Let x be z(s). Calculate the highest common factor of x and 99.
9
Let x = 36 + -22. Suppose -7 = -4*t - z, -6*z = 5*t - 3*z - x. Let f be 1/(3/9) + t. Calculate the highest common factor of 32 and f.
4
Let r = 707 + -388. What is the highest common divisor of 29 and r?
29
Let i be (1 - 2)*20/(-4). Calculate the greatest common divisor of 1 and i.
1
Suppose 0 = -6*l + 217 + 113. Calculate the highest common factor of 5 and l.
5
Let r be 25*(-2)/10*-19. Calculate the highest common factor of 19 and r.
19
Let a = 86 - 84. What is the highest common divisor of a and 26?
2
Let l be (-42)/(-7)*1/2. Suppose r = 5*a + 294, l*r + 0*a = 5*a + 932. Calculate the greatest common divisor of r and 29.
29
Suppose -6*n + 9*n = 660. Suppose 4*y = -3*i + 175, y - i - 47 = -12. Let j be (0 - -3)/(6/y). What is the highest common divisor of j and n?
20
Suppose 3*y - 3*j = 39, y - 11 = 4*j + 8. What is the greatest common factor of y and 44?
11
Let d(w) = -w**2 + w + 3. Let z be d(3). Let p be (18/7)/(z/(-21)). What is the greatest common factor of 6 and p?
6
Let i(w) = -2*w + 2*w - w - 1. Let s(d) = d**3 + 6*d**2 - d - 9. Let l be s(-6). Let y be i(l). Calculate the highest common divisor of y and 1.
1
Suppose -2*o = -5*d - 35, 5*o + 4*d - d - 72 = 0. Calculate the greatest common factor of o and 45.
15
Suppose 3*q + 4*k = -25 + 90, 3*k - 101 = -5*q. Let l = -5 - -81. What is the greatest common factor of l and q?
19
Suppose 3*f - 9 = 24. Let v(j) = j**3 - j**2 - j - 1. Let t be v(2). Let r be (-22)/4*(t + -7). What is the greatest common factor of f and r?
11
Let x(k) = 3*k**2 + 2*k. Let l be x(-2). Let p = l - 5. Let d be (p + 23)*(-1)/(-2). Calculate the highest common divisor of 26 and d.
13
Suppose 4*n - 17 = -2*x + 69, 101 = 4*n - 3*x. Suppose -5*q - 29 = -2*p, 0 = 5*p - 0*q + 4*q - n. What is the highest common factor of p and 7?
7
Let n(p) be the second derivative of p**5/20 - p**4/4 + p**3/2 - 3*p. Let b be n(2). Calculate the highest common divisor of 2 and b.
2
Let i(f) = f**2 + 3*f + 14. Let a be i(-6). Calculate the greatest common factor of 80 and a.
16
Suppose 12 = d + 4*n, 3*d + 0*n = 3*n - 9. Suppose 0 = -d*j - 3*j - 54. Let y be (96/(-18))/(4/j). What is the highest common divisor of 36 and y?
12
Let g be ((-72)/(-10))/(15/(-75)). Let s be g/(-4) + 0 + -3. Calculate the highest common factor of s and 6.
6
Let z(i) = -i - 8. Let l be z(-10). Let o be (20/6 - l)*-3. Let p be (-8)/o*(0 + 1). Calculate the greatest common divisor of 5 and p.
1
Let j(c) = 4*c - 4. Let l be j(6). Suppose q - 13 = -4*x, 4*x - 2*q - 19 = -q. Suppose 2*p - 24 + x = 0. Calculate the highest common divisor of l and p.
10
Let m(s) = 5*s**3 + s - 2. Suppose 6 = 2*f + f. Let u be m(f). What is the highest common factor of u and 8?
8
Let v = 9 - 13. Let s = 9 + v. What is the highest common factor of 15 and s?
5
Let t be (-3 - -2*1)*-4. Let f be 16/7 + t/(-14). Let d be (-1105)/(-20) + f/(-8). What is the greatest common divisor of d and 5?
5
Let h(b) = -b**3 + 9*b**2 - 5*b + 3. Let f be h(6). Suppose 0*l + 8 = 2*q + 5*l, -5*l - 19 = -q. Calculate the greatest common factor of q and f.
9
Let w(b) = -4*b + 3. Let g be w(-6). Let j = g - 100. Let l = 31 - j. What is the greatest common divisor of 13 and l?
13
Let f(a) = 3*a - 5. Let w be f(12). Let b = w + -22. Calculate the highest common factor of 3 and b.
3
Let i(v) = v - 54. Let z be i(0). Let x = 11 - z. Calculate the highest common divisor of 26 and x.
13
Let i(a) = 3*a**2 - 17*a + 13. Let k be i(11). What is the greatest common factor of 21 and k?
21
Let u(i) = 23*i**2 - i. Let r be u(-1). What is the highest common factor of 60 and r?
12
Let c(f) = 7*f + 8. Let j be c(11). What is the greatest common divisor of 17 and j?
17
Suppose 0 = -4*h - z + 3*z + 356, 2*h + 5*z = 190. What is the greatest common divisor of 10 and h?
10
Suppose 428 = -2*p + 4*p + 2*u, -2*p + 436 = 4*u. Calculate the highest common factor of 28 and p.
14
Let u = -40 + 69. Let r = u + -3. Calculate the greatest common divisor of 104 and r.
26
Suppose 24 = 2*l - 0*l. What is the greatest common divisor of 60 and l?
12
Let h be (-20)/(-5)*39/4. Let y be 8/(-2)*h/(-12). Let d = 212 - 121. Calculate the highest common divisor of d and y.
13
Let n be 2413/7 - (-20)/70. Calculate the greatest common factor of 69 and n.
69
Let b(a) = -2*a**3 - 4*a - 2 + a**2 - 2*a - 6*a**2. Let m be b(-4). Let r = -55 - -83. What is the highest common divisor of r and m?
14
Let m = 13 - 8. Suppose -3*v + 2*z + 57 + 9 = 0, 4*v - 111 = -m*z. What is the highest common factor of v and 36?
12
Let f = -6 - -41. Let m(i) = -4 + 5 + 6*i**2 + 3*i - 5*i**2. Let d be m(-4). What is the greatest common divisor of f and d?
5
Let m = 7 - 3. Let i = -3 + 3. Suppose m*c = -i*c + 56. Calculate the highest common factor of 14 and c.
14
Let d = 5 - -13. Let m = -14 + d. Calculate the highest common divisor of m and 32.
4
Let f be 3/12 - (-33)/12. Suppose -f*w + 61 = -11. Suppose 4*h - 4 - w = 0. Calculate the highest common factor of 14 and h.
7
Let o be (-754)/(-6) + 4/(-6) - -3. What is the highest common divisor of 32 and o?
32
Suppose 45 = -3*g + 6*g. Let d be 2/(-5) + 21/g. Calculate the greatest common divisor of 1 and d.
1
Suppose 16 = 4*i - 0*i. What is the highest common factor of 28 and i?
4
Let v(r) = -r**3 + 6*r**2 - 6*r + 7. Let o be v(5). Calculate the highest common divisor of 1 and o.
1
Let r = -177 + 48. Let z = 318 + r. Let m = 36 - 15. Calculate the highest common divisor of m and z.
21
Let k be 8 + 6/(-2 + 5). Calculate the highest common factor of k and 4.
2
Suppose -m - 504 = -3*m. 